= 5*c + 9. What are the prime factors of x?
2, 3
Let j(z) be the second derivative of -3*z**5/20 + z**4/6 + z**3/6 - 2*z. Let w = -8 + 7. What are the prime factors of j(w)?
2
Let j(f) = 139*f + 3. List the prime factors of j(1).
2, 71
Suppose 2*u + 0*u - 4*t = -6, -4*t - 57 = 5*u. List the prime factors of (-80)/(-45) + (-2)/u.
2
Let r(q) be the first derivative of -q**4/2 - q**3/3 - 2*q**2 - q + 4. What are the prime factors of r(-3)?
2, 7
Let g = -25 + 32. List the prime factors of g.
7
Let i(v) = -v + 40. What are the prime factors of i(0)?
2, 5
Suppose -4*m = -3 - 1. Suppose -u + m - 6 = 0. What are the prime factors of (-43)/u - (-10)/25?
3
Let l be (4/(-12))/((-2)/48). Suppose -2*q - 2*q = -l. List the prime factors of q.
2
Let d = -27 - -61. List the prime factors of d.
2, 17
Suppose 0*x = -2*x - 86. Let a = x - -73. What are the prime factors of a?
2, 3, 5
Suppose -7 = l - 0*u + 3*u, 4*l - 2*u = 42. Suppose 2*k - 2*c = 3*c + 33, 0 = 3*k + 4*c + l. What are the prime factors of k?
2
Let m(u) = -3*u**2 + 10*u + 3. Let r be m(7). What are the prime factors of 0 - (-4)/(-8)*r?
37
Suppose 2*g - y = -g + 11, -3*g + 10 = -2*y. Let z be (-3 - -1)*(-22)/g. Suppose -7 = -3*o + z. List the prime factors of o.
2, 3
Let w(n) be the third derivative of n**5/20 - n**4/8 - n**3/3 - n**2. Let i be w(3). Suppose -i = 5*t - 6*t. List the prime factors of t.
2
Suppose 29 = 16*h - 2547. List the prime factors of h.
7, 23
Let d = 114 + -35. List the prime factors of d.
79
Suppose 66 = -n + 4*n. List the prime factors of n.
2, 11
Suppose -g + 2*v + 17 = 0, g = -g - 2*v + 52. Let y = g + -9. List the prime factors of y.
2, 7
List the prime factors of 23 + 1 + (1 - 1).
2, 3
Let c be ((-12)/10)/((-10)/(-25)). List the prime factors of (-1)/(c/24) - -1.
3
List the prime factors of 564/7 + (-21)/(-49).
3
Let w(z) = -z**3 + 5*z**2 + 6*z - 1. What are the prime factors of w(5)?
29
Let h(s) = s**2 + 12*s - 17. What are the prime factors of h(-17)?
2, 17
List the prime factors of 1166/33 + 4/6.
2, 3
List the prime factors of (12 - 2)*2 + 0 + -3.
17
Let k(p) = -p**3 + 9*p**2 - 7*p - 4. Let c be k(6). Suppose 4*d = c - 6. List the prime factors of d.
2, 7
Let o(b) = b**3 + 4*b**2 - 9*b - 12. List the prime factors of o(-5).
2
Suppose 0 = -4*w - 2 + 78. What are the prime factors of w?
19
Let t be (-2 + 2)*(-6 - -7). Suppose -134 = -5*r - 4*p, 2*p = -t*r + 5*r - 158. What are the prime factors of r?
2, 3, 5
Suppose 40 = o + o. What are the prime factors of o?
2, 5
Let d = 36 + -20. Let t(y) = d*y - y**2 - 4 - 3 - 7*y. List the prime factors of t(6).
11
Suppose -4*g + 326 = 3*f, 5*g - 5*f - 252 = 138. Suppose -3*o = 2*o - g. What are the prime factors of o?
2
Let o(t) = -42*t + 4. List the prime factors of o(-4).
2, 43
Suppose 40 = 10*a - 6*a. List the prime factors of a.
2, 5
Suppose 5*t - v + 3*v = 24, 0 = 2*t - 2*v - 4. Let m(o) = 4*o + 4. Let u be m(t). Suppose -u = 5*y, 2*s = 4*s - 5*y - 58. List the prime factors of s.
19
Suppose 1 = 4*b + 5. List the prime factors of b/(-3) + (-28)/(-6).
5
Let a = 2 - 3. Let v = a + 20. List the prime factors of v.
19
Suppose 0 = 2*o + 4 + 18. Let h = 0 + 20. Let q = o + h. What are the prime factors of q?
3
Let g be (-8)/6*(-43 + 1). Let n = 82 - g. List the prime factors of n.
2, 13
Suppose 4*x + 3*n = -37, 45 = -4*x - x - 4*n. Let a = 23 + x. Suppose 5*q = 15 + a. What are the prime factors of q?
5
Let q(x) = -x**3 + 6*x**2 + 6*x + 1. Let g be q(6). Suppose -2*f + g = 5. List the prime factors of f.
2
Suppose 2*n - 74 = -20. What are the prime factors of n?
3
Let d = -5 - 2. Let m = d + -13. Let i = 31 + m. List the prime factors of i.
11
Let n(s) = 3*s**2 + s + 1. Let c be n(-1). Let y(l) = 2*l**3 + 2*l**3 + 9 - 5*l**c + l**2. What are the prime factors of y(0)?
3
Let g(f) be the first derivative of -f**3/3 - 11*f**2/2 - 4*f + 1. List the prime factors of g(-6).
2, 13
Let r = 4 - 1. Suppose 66 = 3*u + 3*h - h, 3*h + 51 = r*u. List the prime factors of u.
2, 5
Suppose -5*m + 3*g - 18 = -2*m, 0 = 4*m + 2*g - 6. Let b(t) = -11*t**3 - t. List the prime factors of b(m).
2, 3
Let h = -162 + 270. List the prime factors of h.
2, 3
Suppose -2*p + q - 98 = -3*q, -q = -2. Let x = -26 - p. What are the prime factors of x?
19
Let v(w) be the third derivative of w**5/5 + w**4/12 - w**3/6 + 3*w**2. List the prime factors of v(1).
13
Suppose -25 = 2*q - 141. List the prime factors of q.
2, 29
Let a = -2 + 4. Suppose -a*o = 3*y + 25, 5*y + 15 = 5*o - 3*o. Let u(m) = -m**3 - 6*m**2 - 5*m + 6. List the prime factors of u(y).
2, 3
Let g = -3 + 9. What are the prime factors of 30/4*8/g?
2, 5
Let u = -7 + 7. List the prime factors of 21/3 + (0 - u).
7
Let u = -68 - -202. What are the prime factors of u?
2, 67
What are the prime factors of 4*(-20)/(-5) - 1?
3, 5
Let s(g) = -g**3 - 7*g**2 - 6*g + 3. List the prime factors of s(-7).
3, 5
Suppose -l - 2*l + 51 = 0. List the prime factors of l.
17
Let h be (-16)/6*18/(-4). Suppose -4*z + h = -24. What are the prime factors of z?
3
Let r(q) = q**3 + 6*q**2 + 2*q + 2. Let c be r(-5). Let w be 58/(2/1) + -2. Let v = w - c. List the prime factors of v.
2, 5
Let a(g) be the second derivative of 1/2*g**2 + 0 - g**3 + 3*g. What are the prime factors of a(-2)?
13
Suppose 4*q = -4*w + 16, 5*w - q - 21 = 5. List the prime factors of w.
5
Suppose -m - w + 99 = 0, 5*w = 2*m + 2*w - 218. List the prime factors of m.
103
Suppose 5*t - 64 = t. Let u = -14 + t. What are the prime factors of u?
2
Let t(y) = 11*y - 2. Suppose -3*p = 3*q + q + 20, 2*q - 3*p + 10 = 0. Let s = 7 + q. What are the prime factors of t(s)?
2, 5
List the prime factors of (48/(-5))/(4/(-120)).
2, 3
Let t be ((-8)/6)/2*-6. Let u = 8 - t. Suppose c = -u*c + 75. What are the prime factors of c?
3, 5
Let z(v) = 6*v**2 + 4*v**3 - 3*v**3 + 8 + 0*v**3. What are the prime factors of z(-5)?
3, 11
Suppose n - 40 = -3*n. List the prime factors of n + (-4)/(-2 - 0).
2, 3
Suppose 10 = -2*l, 2*m - 4*l = -2*l + 20. Suppose p - 8 = m. List the prime factors of p.
13
Let t = -15 + 97. Suppose -t = -3*p + 2*r - 3*r, 5*p = r + 150. What are the prime factors of p?
29
List the prime factors of 75 - (27/(-18))/(3/(-4)).
73
Let w(t) = t**3 + 7*t**2 - t - 4. Let o be w(-3). Suppose s - 2*g - o = 0, -5*g + g = 2*s - 70. List the prime factors of s.
5, 7
Let s = 41 - -32. Suppose s = 4*d + q, d - 16 = q - 2*q. What are the prime factors of d?
19
Let r(t) = -t**3 + 10*t**2 + 10*t + 8. Let y be r(11). Let o = y - -7. Suppose 4*a - 36 + o = 0. What are the prime factors of a?
2
Suppose 0 = -4*i + n + 62, 3*i - n + 0*n = 47. List the prime factors of i.
3, 5
Let x = -17 - -87. What are the prime factors of x?
2, 5, 7
Suppose 0 = 5*p - 28 - 7. List the prime factors of p.
7
Let w = 75 - 48. What are the prime factors of w?
3
Let f(p) = p - 1. Let h be f(1). Let g(r) be the second derivative of r**4/12 + 5*r**2 - 2*r. List the prime factors of g(h).
2, 5
Let t(p) = p - 13. What are the prime factors of t(21)?
2
Let o(r) = 3*r**2 + r - 2. Let i(q) = 2*q**2 - 1. Let v(h) = 5*i(h) - 3*o(h). List the prime factors of v(4).
5
Let j(a) = -13*a + 16. What are the prime factors of j(-3)?
5, 11
Let j be 4 - (1 + (-1)/1). Let h(d) = 2*d. Let a be h(1). Suppose s = -j*n + 50, -3 - 21 = -a*n - s. List the prime factors of n.
13
Suppose 110 - 15 = k. What are the prime factors of k?
5, 19
Let i(m) = 48*m**3 + 2*m**2 - m. List the prime factors of i(1).
7
Suppose -m + 5*t - 264 = -5*m, 4*t = -5*m + 330. List the prime factors of m.
2, 3, 11
Let q(r) = r + 1. Let z be q(-1). Suppose -p - 5 = -z, -73 = -4*k + 5*p. Suppose -k = -x - x. List the prime factors of x.
2, 3
Let g = 0 - -2. Suppose -7*b + g*b + 150 = 0. What are the prime factors of b?
2, 3, 5
Suppose -12 = -3*c + 7*c, 15 = 3*l - c. List the prime factors of (-37)/(-2) - 2/l.
2, 3
Let z(j) = -6*j - 12. Let n = -11 - -5. What are the prime factors of z(n)?
2, 3
Suppose 4*j + 245 + 233 = 2*n, -2*n + 2*j + 488 = 0. What are the prime factors of n?
3, 83
Let m = -97 - -280. List the prime factors of m.
3, 61
Suppose -2*u = 4*u - 324. Let p = 76 - u. List the prime factors of p.
2, 11
What are the prime factors of 11/((-33)/(-4))*153?
2, 3, 17
Let c = 150 - 109. List the prime factors of c.
41
Let r(a) = -a**2 + 3*a. Let x be r(3).